**2 - 3*n + 4. Let s be g(j). Suppose 66 = s*l + 2. What is the greatest common divisor of 128 and l?
16
Suppose 84 = 3*z + 27. Suppose -h = 4*o - 8*o - 19, -4*o = h - z. What is the highest common divisor of h and 19?
19
Suppose 4*q = -2*d + 332, -4*q + 2*q + d = -158. Suppose -39 = -4*j + q. Let x = -3 - -23. Calculate the greatest common divisor of j and x.
10
Let a = 4 + 8. Let t(g) = g - 12. Let h be t(11). Let z(w) = -10*w - 2. Let q be z(h). Calculate the highest common divisor of a and q.
4
Let s(p) = 2*p**3 - 5*p**2 + 6*p - 2. Let n be s(4). Let i be (10/1)/(-1 - 138/(-126)). What is the highest common factor of i and n?
35
Let u = 97 + -93. Suppose 2*v = u*w - 26, 3*v + 7 = -7*w + 5*w. What is the greatest common factor of w and 28?
4
Let n(g) = 68*g - 8. Let d be n(2). Suppose 0 = 5*a - 47 - 3. Suppose 0 = -4*z + 54 + a. What is the highest common divisor of d and z?
16
Let m(y) be the third derivative of -y**5/60 + 7*y**4/12 - 8*y**3/3 + 3*y**2. Let f be m(12). What is the greatest common factor of f and 56?
8
Suppose p = 2*p - 5. Suppose 3*o - 7 = 2*a, 0 = -p*o + o - 4*a + 16. Calculate the greatest common divisor of o and 9.
3
Let q(m) = m**3 + 11*m**2 + 7*m. Let o be q(-9). Let b = o + -47. What is the greatest common factor of b and 26?
26
Let d be -2 - 1/(2/(-2)). Let n be ((-2)/(6/(-105)))/d. Let f = 80 + n. What is the highest common factor of 18 and f?
9
Suppose 9*l = 5*l + 4. Let q be (4/2)/(l/17). What is the highest common factor of 85 and q?
17
Let x = 276 - 29. Calculate the highest common factor of x and 38.
19
Let p = -45 + 69. Calculate the highest common factor of 1452 and p.
12
Let t be 6/(-21) + (-233)/(-7). Let c be (2*165/30)/(2/2). Calculate the highest common factor of t and c.
11
Suppose 46 = -27*z + 28*z. Calculate the greatest common divisor of z and 230.
46
Suppose -a - 19 = -6*a + 4*k, -2*a + 10 = -4*k. Let s be -7 + 4*a/6. Let z be 3/s + 306/10. What is the greatest common factor of z and 75?
15
Let r(h) = -10*h. Let g be r(-1). Let d = g + 11. Let n = d + -14. What is the greatest common factor of 21 and n?
7
Suppose -3*d - 20 = -5*t + 2*d, -3*t + 5*d + 12 = 0. Let m be 9*(t/(-2))/(-2). Let n be 55/10 - m/6. What is the greatest common divisor of 4 and n?
4
Suppose 3*g = -4*n + 451, -2*g - 2*g - 12 = 0. What is the greatest common factor of 299 and n?
23
Let h be 238*(-1)/(-6)*3. What is the highest common divisor of 21 and h?
7
Let n be (-10)/(-4)*(-840)/(-175). Let o(j) = 2*j**2 + 3*j - 3. Let f be o(-9). Calculate the highest common divisor of f and n.
12
Let n = 12 - 7. Suppose -n*d = -116 + 16. Suppose 2*h + 2*x = 32, -h + 2*x + d = h. Calculate the greatest common divisor of h and 13.
13
Let f be ((-9)/6)/(3/(-26)). Suppose 0 = 4*h - 3*h + 4*z - 7, 5*h = 4*z - f. Let y be 204/12 - 3*h. What is the greatest common divisor of y and 80?
20
Let l(q) = 0*q - 17 + 9 - q. Let s be l(-11). Suppose s*b - 2*u = 49, -19 - 8 = -4*b - 5*u. What is the highest common divisor of b and 52?
13
Suppose 0 = -12*k + 1184 + 1096. What is the greatest common divisor of 20 and k?
10
Let k(l) = -l**2 + 7*l - 2. Let c be k(6). Suppose -2*q + 70 - 80 = -s, q = 4*s - 26. What is the highest common divisor of c and s?
2
Suppose 3*s - 43218 = -60*s. Calculate the highest common factor of 28 and s.
14
Suppose -3*j - 109 = 5*d - 514, -405 = -5*d + j. Calculate the greatest common factor of 27 and d.
27
Let z(n) = -6*n - 2. Let p be 95/10 - 6/(-4). Let f = -12 + p. Let l be z(f). Calculate the highest common factor of 8 and l.
4
Let x(s) = s**2 - 2*s - 13. Let b be x(-7). Suppose -5 + 95 = 9*k. Calculate the highest common factor of k and b.
10
Suppose 2*t = 3*k - 916, -14*k + 17*k - 5*t = 913. Calculate the greatest common divisor of 18 and k.
18
Let g be -5 - (223/(-13) - 4/(-26)). Calculate the greatest common factor of 1 and g.
1
Suppose 3*h + 35*h = 3914. Calculate the highest common divisor of h and 103.
103
Let h(g) = -20*g**3 - 1. Let f be h(-1). Suppose f = 6*m - 35. Calculate the greatest common factor of m and 27.
9
Let f = -129 + 181. Suppose -3*d = -c + 27 - 261, d - 78 = -5*c. Calculate the greatest common factor of f and d.
26
Let k be (-2)/2 + (0 - -2). Let l be 3 - -3*4/3. Let m be -2 - (308/(-49) - (-2)/l). Calculate the greatest common divisor of k and m.
1
Suppose 27 = 4*w + 3*p, 3*w - 4*w + 1 = -5*p. Let b be (4/3)/(w/(-63)). Let a = b + 39. What is the highest common divisor of a and 225?
25
Let u(z) = 14*z**2 + 3*z - 5. Let b(n) = n**2 + 8*n + 4. Let l be b(-8). Let t be u(l). What is the highest common divisor of 33 and t?
33
Let s = -2 + 5. Let t(m) = -3*m**2 - 33*m + 69. Let d be t(-11). What is the greatest common divisor of s and d?
3
Suppose -3*y = -0*y - 45. Suppose 0 = -2*m - 3*m + y. Suppose 5*a = m*n - 47, 5*a - 55 = -4*n + 66. Calculate the greatest common factor of n and 12.
12
Suppose -4*k = 3*u - 0*u + 34, -3*k = -4*u - 37. Let a be (-90)/u + (-3)/(-1). Let q be a - 2*(-1 - 1). What is the highest common factor of q and 16?
16
Suppose 0 = l + 2*a - 22, -4*l + 43 + 21 = 2*a. Suppose -4*m + 6 = -22. What is the highest common divisor of l and m?
7
Let c(o) = 123*o. Let q be c(1). Suppose 116 = 5*r - 4*n, 3*n = 5*r - 10*r + q. Suppose 2*v + 288 = 5*v. Calculate the greatest common factor of v and r.
24
Suppose 0 = -4*h + q + 674, h - q - 149 = 18. What is the greatest common divisor of h and 39?
13
Let s(w) = 7*w**2 + w + 7. Let m be s(-5). Let r = m + -104. Let b be (3 + r)/4 - -1. Calculate the greatest common divisor of b and 20.
20
Let t be (-40)/25*(1 + -11). Let d = t + -19. Let h be d + (-261)/(-6 + 3). What is the highest common factor of h and 12?
12
Suppose 0 = -4*p + 16, -s + 94 = 2*s - 2*p. Suppose -r = -6 - s. Suppose 0 = -k - 4, 252 = 5*g + 2*k - r. Calculate the highest common factor of g and 15.
15
Let d(m) = -2 + 25*m + m**3 - 32*m - 3 - 1 + 4*m**2. Let u be d(-5). Let w be u/(-22) - 1550/(-55). What is the highest common divisor of w and 4?
4
Suppose -5*d = 4*y - 459, -7*d + y = -12*d + 456. Suppose 0*p - 13 = -p. Calculate the greatest common divisor of d and p.
13
Let d be (-6)/(-15) + -2*(-12)/15. Calculate the greatest common factor of 34 and d.
2
Suppose 9 = 6*r - r - 2*b, 4*r - b = 9. Suppose -l + 6 = -7*c + 2*c, 4*l + 5*c = -1. Calculate the highest common factor of r and l.
1
Let u(i) = -6*i + 39. Let h be u(6). Suppose h*p - 14 = -2. What is the greatest common divisor of p and 4?
4
Let t(s) = -2 + 19*s**2 - s + 3*s + 5*s - 4*s. Let n be t(1). Calculate the greatest common divisor of 220 and n.
20
Let y be 3 + -2 - (-72 + -2). Let r(z) = 34*z - 495. Let x be r(15). Calculate the greatest common factor of y and x.
15
Let i(l) = -6*l - 2. Let c be i(-3). Let z be 18/5 + 16/40. What is the highest common divisor of c and z?
4
Suppose 0 = -l + v + 2*v + 188, 0 = 3*l - 2*v - 592. Let w = 11 - -69. Calculate the greatest common divisor of l and w.
40
Let u be (-1 + 9)*(-3)/(-4). Suppose 37*i - 1520 = 256. What is the greatest common divisor of i and u?
6
Let q = -109 - -73. Let x be 20/(-6)*q/15. Let j be 308/16 - 2/x. Calculate the greatest common divisor of j and 38.
19
Suppose s = 3*s + 8. Let i be 30/(-12)*s/5. Suppose 0 = i*p - 3*l - 210, 2*p - 8*l - 214 = -3*l. What is the highest common factor of 34 and p?
34
Suppose 5*o - 517 = -2*f, 5*f - o - 1279 = -0*o. What is the highest common divisor of 16 and f?
16
Let n(s) = -s**2 - 3*s + 6. Let g be n(-7). Let c = 42 + g. Calculate the greatest common factor of 40 and c.
20
Suppose 2*w - w = 1. Let s be (0 - 2)/(44/(-66)). Calculate the greatest common factor of w and s.
1
Suppose 1885 + 155 = 10*j. What is the greatest common divisor of 108 and j?
12
Suppose -3*q = -3 - 3, 3*w + 5*q - 1009 = 0. Let n(j) = 2*j**2 + 7*j + 7. Let l be n(-6). What is the greatest common divisor of w and l?
37
Suppose 53 = 4*x + 3*z, -12*z + 41 = 4*x - 13*z. What is the greatest common divisor of 11 and x?
11
Suppose 10*g - 13*g = 0. Suppose g = 3*y - 14 + 2. Suppose -17 = -4*x - 3*o + 3, -x + 24 = -y*o. Calculate the highest common divisor of 8 and x.
8
Let h(m) = m**2 + 2*m + 2. Let p be h(-3). Suppose 0*y = 4*y + w, -3*w = -4*y. Suppose y = -4*s + 84 + 96. What is the highest common divisor of s and p?
5
Let x be ((-15)/(-10))/((-9)/(-